*-1*9. Is ((-11)/a + -4)*-2715 a prime number?
False
Suppose -3*b + 0 = 2*u - 3, 0 = -4*b + 3*u - 13. Is b*30/(-3) + 1 a prime number?
True
Suppose 3*l + 887 = 4*r, 0 = -3*r - 0*r + 3*l + 663. Suppose -2*d = -4*s + r, -4*d + 212 = 3*s + s. Is s composite?
True
Suppose -18*m = a - 14*m - 247, -2*a + 455 = -5*m. Is a a prime number?
False
Suppose 3*y - 614 = 5*l, 4*y = 2*l + 2*l + 816. Is y a composite number?
True
Let d(k) = -4*k + 0*k + 5 + 5*k - 2*k. Let x be d(0). Suppose x*v - 2*v = 69. Is v prime?
True
Suppose 8*l + 3112 - 21848 = 0. Is l a prime number?
False
Let w(r) = r**2 + 5*r - 25. Is w(-26) composite?
False
Let f = 1 - -1. Suppose 2*o = -f*o + 476. Is o a prime number?
False
Let o be (3/(-9))/(1/(-51)). Is o/34*2*157 a composite number?
False
Is 0 + -3 + 414 - -2 a prime number?
False
Let c be -3 + (0 - (-3)/3). Let n = 7 + c. Suppose -n*a + 0*a = -575. Is a a composite number?
True
Let h = 733 - 426. Is h a prime number?
True
Let t = 547 - 384. Is t prime?
True
Suppose 2*t - s = 4667, 0*s + 4665 = 2*t + s. Is t prime?
True
Let w = 63 - 35. Suppose -3*j = -7*j - w. Is (-1)/1 - -1 - j a prime number?
True
Let h(p) = -p**3 - p**2 + 2*p + 2. Let d be h(-2). Is (d - 1)*-1*-74 a prime number?
False
Suppose -2*u + 9 = -3*x, 5*u - 3*x + 0 - 18 = 0. Suppose 3*z + 0*z - 47 = -p, 3*p + u*z = 153. Is p a composite number?
False
Let b(r) be the third derivative of r**5/3 - r**3/6 - 2*r**2. Let d be 2/(-3) - 8/(-3). Is b(d) prime?
True
Let o be ((-2)/(-7))/(2/14). Let i be -13*o*(-24 - 1). Suppose 0 = 4*l - s + 3*s - i, -2*l = 3*s - 323. Is l prime?
True
Suppose 2*q + 24 = -2*c, 4 - 10 = -2*q. Let p = c + 34. Is p a composite number?
False
Let m(d) = -d + 1. Suppose 32 = -3*l - l. Let h be m(l). Is h/(-6)*(-74)/3 a composite number?
False
Let p(i) = i**2 + 9*i - 9. Let r be p(-11). Let q(n) = n**3 - 14*n**2 + 16*n - 2. Is q(r) composite?
False
Let l(f) = f**3 - 9*f**2 - 11*f + 6. Let w = 30 - 19. Is l(w) a composite number?
False
Is (-3*284/(-12))/1 a prime number?
True
Suppose -t + 57 = -65. Is t prime?
False
Let m be (-2)/6*0/(-2). Let v(l) = m*l - 9*l - 6*l + 0*l. Is v(-1) a prime number?
False
Suppose u = -4*u + 5*r + 30, -3*u - 5*r - 6 = 0. Suppose 3*g = -4*j + 645, g + 2*g - u*j = 624. Is g prime?
True
Let r(j) = 234*j**3 - 3*j**2 + 2*j - 3. Is r(2) a composite number?
False
Let h = -10 + 54. Suppose -5*x - l + 134 = 18, -2*x = -2*l - h. Suppose 4*v = -y + x, -5*y - 7 = 4*v - 58. Is y prime?
True
Let p(u) = 22*u + 37. Is p(10) prime?
True
Is -1*(0 - 4) + 91 prime?
False
Let k(u) = -u - 8. Let x be k(-6). Is ((-892)/(-8))/((-1)/x) a composite number?
False
Suppose 6*l - c = l + 109, 62 = 2*l - 5*c. Is 1791/l - 4/14 a prime number?
False
Let f(m) = 2*m**3 - 5*m**2 - 11*m + 9. Is f(10) a composite number?
False
Let i(m) = -m**3 + 7*m**2 + m - 6. Let z be i(7). Let x be 1 - (-12)/(2 + z). Suppose 4*y = 4*b + 604, x*y = -0*y + 3*b + 751. Is y a prime number?
True
Suppose 7*n + 30 = 6*n - u, -2*n - 5*u = 48. Let f = n - -81. Is f a composite number?
False
Is 69*1 + (-5 - -3) a prime number?
True
Suppose 9*k - 2 = p + 4*k, 0 = p + 3*k + 2. Let c(i) = -28*i - 1. Is c(p) a prime number?
False
Suppose 2*z - 425 = z. Let q = 610 - z. Suppose -3*m = 2*u - 4*u - 139, 4*m = 3*u + q. Is m prime?
True
Let y be (70/25)/(2/(-10)). Let c be (-836)/y + 2/7. Suppose -10*q + 6*q + c = 0. Is q a prime number?
False
Is (((-53620)/(-16))/5)/(1/4) prime?
False
Suppose 3*c - 45 = -0*c. Is 2/(-10) + 5958/c a prime number?
True
Suppose y + 4 - 2 = 2*x, 3*y - 4*x + 8 = 0. Let f be (-828)/(-16) + (-1)/y. Let i = -31 + f. Is i a prime number?
False
Suppose -3*k + 2*k + 3 = 0. Suppose 0 = -2*n + k*n. Suppose -u + n*u = -10. Is u a composite number?
True
Suppose -19 + 4 = -5*c. Suppose 0*f - 66 = -c*f. Is f a prime number?
False
Let g(l) = l**3 - 3*l**2 + l + 1. Let b be g(2). Let i = b + 12. Is i a composite number?
False
Let o(x) = 2*x - 9. Let b be o(-7). Let a(t) = t + 37. Let f be a(0). Let u = f + b. Is u composite?
True
Is (-13)/(26/(-3084)) - 1/(-1) a composite number?
False
Is (-3 - (-626)/4)/(3/6) a prime number?
True
Let r be -1 + 2 - (-1 - 1). Suppose -108 = -3*p + r. Is p a composite number?
False
Let h = 0 - 0. Suppose h = -2*w + 22 + 190. Is w a prime number?
False
Let t(v) = 185*v - 3. Suppose 5*u - 14 = -4. Is t(u) composite?
False
Suppose -i = 4 - 1. Is i + 166 + 0 - 4 prime?
False
Let g(x) = x**3 + 17*x**2 - 16*x - 17. Is g(-15) prime?
True
Let p = 21 - 9. Let s be 2/(-6)*-1*p. Suppose 4*d - 74 = -3*f, f + f + s*d - 48 = 0. Is f a composite number?
True
Suppose -5*g = -g - 176. Suppose t + g = 2*t. Suppose -2*p + 30 = -t. Is p a prime number?
True
Let p(d) = d + 27. Let g be p(-11). Suppose 3 = -2*x + n + g, n = -5*x + 15. Suppose -x*r + 69 = -r. Is r composite?
False
Suppose -2*k - 7 = 3*l, -4*k - 2*l + 5*l - 23 = 0. Let m(u) be the second derivative of -u**5/20 - u**4/3 - 5*u**3/6 - 7*u**2/2 - 9*u. Is m(k) a prime number?
True
Let n be -1 - (-102)/(-1 - -3). Let t = 41 + n. Is t prime?
False
Suppose 5*r = 5*v + 2*r + 44, -v - r - 4 = 0. Let a = v + 7. Suppose 3*t + 18 - 51 = a. Is t prime?
True
Let o be (-4 - -3 - -1) + 0. Suppose m = -o*m. Suppose -4*l + m*i = -4*i - 20, -2*i = -l + 4. Is l prime?
False
Let b(t) = 287*t**2 + 2*t - 8. Is b(3) prime?
False
Suppose 2*b = 449 + 147. Suppose 3*r + b = 5*r. Is r prime?
True
Suppose -2*v = -4*y + 28494, -y + 21358 = 2*y + v. Is y a composite number?
False
Let k(t) be the first derivative of t**4/4 - 16*t**3/3 + 3*t**2 + 16*t + 1. Is k(17) a composite number?
True
Is (219/9)/(5 + (-416)/84) a prime number?
False
Suppose 0 = v - 2, -4*o - v = -2*o. Let w(r) = -8*r**2 + 2*r**2 + 9*r**2. Is w(o) composite?
False
Let h = -26 + 8. Let b = h - -85. Is b a composite number?
False
Let c be 76/18 + 2/(-9). Suppose 2*s + 189 = -c*h - 33, 5*s = 5*h + 240. Is (h/3)/((-5)/15) prime?
True
Suppose 5*u = -5*m + u - 76, 5*u + 56 = -3*m. Let q = 13 - m. Is q composite?
True
Let n = 717 + -502. Is n a prime number?
False
Suppose -2*w - 81 = -m - 0*m, 417 = 5*m - 4*w. Is m a prime number?
False
Let b be 15/(-10)*(-1 - 1). Suppose 2*f - 1 = b. Suppose -f*r = -3*k - 57, 4*k - 12 = -0*k. Is r a composite number?
True
Suppose 38*z = 42*z - 2084. Let w = z + -372. Is w prime?
True
Is ((-174)/9)/((-2)/51) prime?
False
Suppose -7*f = -2*f - 10, 2*z = 5*f + 2336. Let x be (1 + z/9)*6. Let t = -423 + x. Is t a prime number?
False
Let p(g) = -214*g**3 + 2*g**2 + g. Let c be p(-1). Let m = 333 - c. Is m a prime number?
False
Suppose 3*s - 12 = -0*s. Suppose -s*h - 5 = 3. Is 456/5 + h/10 a composite number?
True
Suppose 0 = -6*k + 3*k + 5*a - 119, -170 = 4*k - a. Let v be (-8)/(-12) - k/3. Let o = v + 0. Is o composite?
True
Let c = -8 + 4. Let y(b) = -2*b**3 - 7*b**2 - 5*b + 1. Is y(c) a prime number?
True
Let i = 735 + -340. Is i composite?
True
Suppose -n - 3*o + 8*o + 1141 = 0, 2*o - 4608 = -4*n. Is n prime?
True
Let x be 2*((-30)/(-4))/5. Suppose -x*m = 4*f - 12, -11 - 1 = 2*f - 3*m. Suppose u - 29 = -f*u - s, 0 = 4*u + s - 122. Is u a prime number?
True
Let o(m) = m**2 + m + 187. Is o(0) a prime number?
False
Suppose 4*y - 3*d - 15 = 0, -2*y + 3*d + 9 = -0*d. Let h(o) = o**3 - o**2 - 5*o + 3. Let z be h(3). Suppose -z*p + 39 = -y*p. Is p a composite number?
False
Suppose 3*j - 2*h - 1080 = -169, 2*j - 2*h = 606. Is j prime?
False
Let c(t) = -4 + 27*t + 6 + 709*t + 3. Let o be c(7). Is o/9*1/3 prime?
True
Let s(l) = 1341*l**2 - l - 1. Is s(1) a prime number?
False
Let o = -353 + 898. Is o prime?
False
Let r(f) = -f**2 + 10*f + 5. Suppose -6*g + g = 55. Let i = -4 - g. Is r(i) prime?
False
Let s(l) = l**3 + 9*l**2 + 8. Let c be s(-9). Suppose 220 = m + 2*i + 79, 0 = -4*i - c. Is m a composite number?
True
Let q = -416 - -663. Is q a prime number?
False
Let i(n) = -3*n + n + 33*n**2 - 4*n - 2 + 2*n. Is i(-3) composite?
False
Let y(a) = 3*a - 5*a + 10*a - a + 1. Let i(c) = c**3 + 7*c**2 + 7*c + 8. Let o be i(-6). Is y(o) prime?
False
Suppose 2*y + 12 = -y. Is (-2340)/(-44) + y/22 a prime number?
True
Let d(z) = -z + 10. Let q be d(-9). Suppose 0 = 4*s + 24 + 16. Is (s/5)/((-2)/q) prime?
True
Suppose -r + 0*s - 3*s = 13, -4*r - 4*s = 12. Suppose -l + 4*x + 221 = 0, 3*l - r*x = 3*x + 663. Is l a prime number?
False
Suppose 0 = -t - 0*t